 31 = -61. Calculate the highest common divisor of l and b.
6
Let o be ((-146)/73*(-1)/(-2))/((-2)/3570). What is the greatest common divisor of o and 3?
3
Suppose 7*c + 152 - 509 = 0. Let r = 343 + 473. What is the greatest common divisor of c and r?
51
Let x(r) = 10*r**3 - 2*r - 1. Let g be x(2). Let s(z) = -4 + 0 + 12*z**2 + 13*z**2 + z + 5. Let j be s(-1). What is the greatest common divisor of j and g?
25
Let p = 1801 - 899. Calculate the highest common divisor of p and 242.
22
Let t = -7338 - -7436. What is the greatest common divisor of t and 3206?
14
Let u(q) = q**2 + 8*q + 2. Let f be u(-8). Let z be f - -1 - (-84)/21. Suppose -t + 2*t = z. What is the highest common factor of t and 77?
7
Suppose -48*o + 4496 + 13360 = 45*o. Calculate the highest common divisor of 6 and o.
6
Let m be 46/6 + 198/594. What is the greatest common factor of 856 and m?
8
Let g = 334 + -138. Let r = g - 147. Calculate the highest common divisor of r and 98.
49
Suppose -56*t - 1352920 = -205*t. What is the highest common divisor of 80 and t?
40
Let v = -19 - -109. Suppose 0 = 30*a + 1159 - 2959. What is the greatest common factor of v and a?
30
Let p be (-53 + 1)/(4/12). Let t = p - -236. What is the highest common divisor of 10 and t?
10
Let y be (-16)/(-24) + (-97)/(-3). Let k = -1896 + 2292. Calculate the greatest common factor of y and k.
33
Let r(s) = -2*s - 2. Let z be r(-4). Suppose -3*n + 834 = 15*h - 10*h, 0 = -12*n + 96. Calculate the greatest common factor of h and z.
6
Let q = 41 + -25. Suppose 4 = -i - 2*b, -6*b + 3*b = 5*i + 13. Let j be i + 6 - (2*-2)/(-2). Calculate the highest common factor of j and q.
2
Let c = 1731 + -1728. Calculate the highest common factor of c and 6843.
3
Let p = 4340 + -4040. What is the greatest common divisor of p and 132?
12
Let z(l) = -l**3 - 4*l**2 + 2*l - 7. Let q be 7*(-13)/((-364)/240). Let y be (2/(-6))/(4/q). Let a be z(y). Calculate the highest common factor of 8 and a.
8
Let x = -491 + 1103. Let d = x - 596. What is the greatest common divisor of d and 576?
16
Suppose -2*c + 13 = -7*n + 8*n, -2*c = -2*n + 8. Let q be -2 + 9/4 + (-643)/(-4). Calculate the greatest common divisor of n and q.
7
Let o = 1485 - 1332. Calculate the greatest common divisor of 85 and o.
17
Suppose -84 = -50*o + 29*o. Suppose 15*c = 13*c + d + 6, 4*d + o = 3*c. Suppose -4 = n - 24. What is the highest common factor of n and c?
4
Let u = 1096 - 603. Let c = -463 + u. Calculate the highest common factor of c and 35.
5
Let v(d) = d**3 - 22*d**2 - 47*d - 26. Let s be v(24). Let l be 2*s/4 + 21. Calculate the greatest common divisor of 4 and l.
4
Let y be 14/21*(-2808)/(-8). Calculate the greatest common factor of 18 and y.
18
Suppose -20 = -k + 2*z, -25*z + 20*z = -5. Calculate the highest common divisor of k and 40.
2
Let d be (50/(-8))/(2/(-8)). Let g = d - 17. Let p(m) = m**2 - 13998*m + 111992. Let t be p(8). Calculate the greatest common divisor of g and t.
8
Suppose -13*q = 4*q - 3332. What is the highest common divisor of q and 84?
28
Suppose -d - d + 140 = 5*x, 0 = x - d - 35. What is the highest common divisor of 246 and x?
6
Suppose -5*j + 47 + 38 = 0. Let g = 105 - 61. Suppose 21*w - g = j*w. What is the highest common divisor of 1 and w?
1
Let n = -2835 - -3213. What is the highest common divisor of n and 36?
18
Let w(n) = -n**3 - 6*n**2 - 4*n + 2. Let p be w(-4). Let g = p - -49. Suppose -24936 = 411*l - 39321. Calculate the greatest common factor of g and l.
35
Let m = -7384 + 15736. Calculate the highest common divisor of m and 290.
58
Let f(l) = l**3 + 6*l**2 + 7*l + 6. Let p be f(-5). Let y = -7 - p. Let v be 135 + (3 - 0) + y. Calculate the highest common factor of v and 54.
27
Suppose -11195 = -27*o + 116542. Calculate the greatest common divisor of o and 57.
57
Let p be 16 - ((-6 - -2) + 5). Suppose -p*c = -3199 - 2351. What is the highest common factor of c and 5?
5
Let l = -280 - -189. Let j be -3 + -1 - (22 + l). What is the greatest common divisor of 520 and j?
65
Let c(l) = 2*l**2 - 2*l + 88. Let i be c(16). Let d = 597 - i. What is the highest common factor of d and 493?
29
Let t be 8/((-40)/1715) - 1. Let v = -202 - t. Calculate the highest common divisor of v and 71.
71
Suppose 5*r + 97 = 4*r. Let z = 190 + r. Suppose 5*n - 3*i = 164, -i + 130 = 4*n + 9. Calculate the greatest common factor of n and z.
31
Suppose t = -5*q + 30, 2*t = -0*t. Suppose -q*g = -4*g - 972. What is the greatest common divisor of g and 54?
54
Let n be 1/(0 - ((-1572)/1576 + 1)). Let c = -342 - n. Let b = -4 + 8. What is the greatest common divisor of c and b?
4
Let a be 14/((2/(-32))/(174/(-464))). What is the greatest common factor of 24 and a?
12
Let a be (-5*(-4)/(-30))/((-10)/(-3045)). Let s = a - -307. Calculate the greatest common divisor of s and 13.
13
Let x(u) = 2454*u - 228. Let o be x(2). What is the greatest common factor of 18 and o?
18
Suppose 0 = -4*m + 3*j + 232, -3*m = -3*j - 89 - 79. Let b = 104 + -40. Calculate the highest common divisor of m and b.
64
Suppose 150*q = 73*q + 31062 + 3588. Calculate the highest common factor of 1450 and q.
50
Suppose -3*p - r = -45, 2*p + p - 4*r - 60 = 0. Let y be (2/4*-4)/((-2)/4). What is the highest common factor of p and y?
4
Let u(q) = -q**3 + 7*q - 4. Let l(a) = -a**3 + 11*a**2 - 22*a + 33. Let t be l(9). Let s be u(t). What is the greatest common divisor of 26 and s?
2
Let d = -221 - -616. Let t be ((-1)/(-3))/(19/4503). Calculate the highest common divisor of d and t.
79
Let k be ((-26)/4)/(1/(-6)). Suppose -1256 = -109*t - 1127 + 1235 + 1470. Calculate the greatest common factor of k and t.
13
Suppose 0 = -0*n + 40*n + 160. Let m be 2008/18 + 17/((-153)/n). What is the highest common factor of m and 196?
28
Let v be (-2)/(-9) + 24/(-108) - 0. Suppose w + 5*r = 31, v = 4*w - 3*w - r - 37. What is the highest common divisor of 72 and w?
36
Let l be 12/(-84) - 44/(-14). Let h be (2 + 0)*l - (2 + -10). What is the greatest common factor of h and 238?
14
Let i be (-3638)/(-13) + -11 + 580/52. What is the greatest common factor of 180 and i?
20
Suppose -1654 + 53594 = 119*b - 31598. Calculate the greatest common factor of b and 513.
27
Let o be (-4)/(-22) - (-92344)/308. What is the highest common divisor of o and 52?
4
Suppose -2*c - 7*c + 153 = 0. Let u be (-92)/((-1)/(-4)*-2). Let t = -116 + u. What is the greatest common factor of c and t?
17
Suppose 0 = 37*d + 24*d - 2225 - 825. Calculate the greatest common divisor of 30 and d.
10
Let a = -4630 - -4667. What is the highest common factor of 2368 and a?
37
Let t be (-76)/(-10) - 6/10. Suppose 0 = 4*c + 8, c = t*s - 9*s + 238. Calculate the greatest common divisor of s and 24.
24
Suppose 0 = 23*k - 93 - 22. Suppose -83 = -k*t + 2*f, -4*t - 3*f - 6 = -54. What is the highest common factor of t and 85?
5
Let a = 1065 + -691. Suppose 0 = 2*s - 34 - 50. Suppose j + 8 = s. Calculate the highest common factor of j and a.
34
Let k(a) = a**3 + 10*a**2 - a - 6. Let j be k(-10). Let q = -18 + 20. Suppose 3 = q*h - 5. Calculate the highest common factor of j and h.
4
Let y(r) = 4*r**3 - 7*r**2 - 264*r + 1349. Let s be y(5). What is the highest common factor of 2950 and s?
118
Let l(b) = -b**2 - 10*b - 6. Let j be 7*-1 + (-4*3)/(-4). Let x be l(j). Let d be (-2)/(x/(-353)) + (-6)/27. What is the greatest common divisor of d and 13?
13
Let n be (12/(-14))/(-3) - 3425792/(-1792). Calculate the highest common factor of 112 and n.
8
Suppose 2324*l = 2323*l + 5. What is the highest common factor of l and 3800?
5
Let d = -2220 + 2230. What is the greatest common factor of d and 28?
2
Suppose 428 - 170 = 6*r. Suppose -13*h + 22 = -r. Calculate the highest common factor of 40 and h.
5
Suppose 3*d + 1083 = 2*y, 26 - 38 = -4*d. Calculate the highest common factor of y and 378.
42
Suppose -2*b = -5 + 5. Suppose -34*o = -b*o - 1700. What is the highest common divisor of 1150 and o?
50
Let j = -29285 - -29701. What is the greatest common divisor of 1079 and j?
13
Let t be ((-959)/147 + 9/(-63))/(2/(-108)). What is the greatest common divisor of 144 and t?
72
Suppose 6*b - 662 = -5*o + 3122, 2*b - 5*o = 1248. Calculate the highest common factor of b and 111.
37
Let j(o) = -7*o + 94. Let y be j(13). Suppose c + 4 = -y*c, -31 = -2*l + c. Calculate 